e highest common factor of t and 6?
3
Let x(b) = -5*b - 1. Suppose 5 = 4*y + 17. Let l be x(y). Let v(j) = j**3 + 7*j**2 + 5*j. Let a be v(-4). What is the highest common factor of a and l?
14
Let x(q) = -3 - 3*q**2 + 5*q**2 + 1 - 2*q. Let m be x(-7). Let t(l) = -l**3 + 10*l**2 - 14*l + 6. Let d be t(8). What is the greatest common divisor of d and m?
22
Suppose 22*h - 50 - 16 = 0. Let t(p) = -p**3 - 3*p**2 + 2. Let n be t(-3). Suppose 1 = n*v - h. What is the greatest common factor of v and 4?
2
Suppose -3*u + v + 667 = -0*u, 647 = 3*u - 5*v. Suppose -8*x = -4*x - u. What is the greatest common divisor of 8 and x?
8
Suppose 0 = -5*f - 5*m + 1705, m = 2*f + 185 - 858. Calculate the greatest common factor of 26 and f.
26
Let b = -7 + 12. Let h(n) = -n**2 - n + 91. Let q be h(7). Calculate the highest common divisor of b and q.
5
Let m = -629 - -807. What is the highest common factor of m and 2?
2
Let u be ((-66)/8)/((-9)/48). Let j(o) = o**2 - 17*o + 14. Let a be j(14). Let y = a - -39. What is the greatest common factor of y and u?
11
Suppose 20 + 15 = 5*p - 5*l, 4*p = -2*l + 28. Let t be -1 + 50 + 8/(-4). Let a = t - 33. What is the greatest common factor of p and a?
7
Let y(v) = -v**3 + 3*v**2 + 6*v. Let k be y(4). Let j be k/(-6)*(-138)/8. Calculate the greatest common divisor of 23 and j.
23
Suppose -13*z + 17*z = 72. Calculate the highest common divisor of 1062 and z.
18
Suppose s = 2*s + 2*s. Let n = 2 - -1. Suppose 12 = 2*y - s*y + 5*w, -n*w = 0. What is the greatest common divisor of 9 and y?
3
Suppose -u + 35 = 3*f, -5*f = -0*u - 4*u + 55. Suppose 5*i = 3*k - 592, -5*i + 3*k - 599 = 7*k. Let j = i + 169. What is the highest common factor of u and j?
10
Let y be ((-2)/(-4) - 0)*2. Let t = -15 - -147. Let w = t - 124. What is the highest common factor of w and y?
1
Let c be (14 + -8 - -4)/(2*1). Let i be (-2)/((-2)/(-4) - 1). Suppose 2*q - 148 = -5*l, 165 = c*l - i*q + 41. What is the greatest common factor of 4 and l?
4
Let d(g) = 7*g - 1. Let m(f) = f**2 + 6*f - 4. Let p be m(-7). Suppose 0 = -6*s + 7*s - p. Let k be d(s). What is the highest common factor of k and 80?
20
Suppose -3318*i = -3321*i + 9. Calculate the highest common factor of 873 and i.
3
Suppose 53 = 6*y + 5. Let b(i) = 2*i - 4. Let o be b(y). What is the highest common factor of 12 and o?
12
Suppose 58*y + 1358 = 18178. Calculate the highest common divisor of y and 4.
2
Suppose -28 = 38*o - 39*o. What is the highest common factor of o and 168?
28
Let c = -33 - -59. Let l be (1 + (-37)/(-2))/((-312)/(-416)). Calculate the greatest common factor of c and l.
26
Suppose -6*q = -486 + 186. Calculate the highest common factor of q and 40.
10
Let v = 726 - 721. What is the greatest common divisor of v and 1760?
5
Let s(a) = 5*a**3 - 5*a**2 + 3*a + 2. Let w be (-6)/(-4)*(-12)/(-27)*3. Let n be s(w). What is the greatest common factor of 126 and n?
14
Let f be 1*(-2)/8 + (-85)/(-20). Let p be 160/5 + f + 4. What is the greatest common factor of p and 20?
20
Suppose 8*c = 3*c + 355. Let x = c + -53. What is the greatest common divisor of x and 30?
6
Let u = 151 + -226. Let v = -27 - u. Let d = 45 - 21. What is the highest common factor of v and d?
24
Let l = -496 - -1984. Calculate the highest common divisor of 96 and l.
48
Suppose 2*h - 2*m - m = 231, -5*h + 560 = -4*m. Calculate the greatest common factor of 60 and h.
12
Let d(a) = -5 - 45*a + a**3 - 1 + 35*a + 6*a**2. Let l be d(-7). Suppose 4*x - 8*x - v + 67 = 0, x - l = -2*v. What is the greatest common factor of x and 51?
17
Suppose -5*c - 68 = -698. Let j = c + -82. Calculate the highest common divisor of 132 and j.
44
Let k(z) = 4*z**2 - 6*z. Let n be k(-6). What is the greatest common divisor of 72 and n?
36
Suppose -42546 - 5190 = -104*p. What is the highest common divisor of p and 85?
17
Suppose 0 = -6*c - 861 - 1527. Let h be (1 - 2)/((-2)/c). Let v = h - -279. Calculate the highest common factor of v and 10.
10
Let j = -114 + 191. What is the greatest common factor of j and 11?
11
Let o be (-3 + (-7)/(-3))*150/(-20). Calculate the greatest common divisor of 10 and o.
5
Let t(x) = x**3 + 35*x**2 + 231. Let z be t(-35). Calculate the highest common factor of 105 and z.
21
Let v be ((-2)/(-6))/((-1)/(-9)). Suppose -3*h - 2*c - 14 = 0, -4*c - 6 - 10 = 0. Let w be (15 - h) + (6 - 5). What is the greatest common divisor of v and w?
3
Let u = 108 - 39. What is the greatest common factor of u and 3?
3
Let t = -249 + 351. What is the highest common divisor of t and 170?
34
Let w(l) = l**2 + 4*l - 11. Let m(a) = 7*a**2 - 2*a + 1. Let x be m(1). Let i be w(x). Calculate the greatest common divisor of i and 7.
7
Suppose -12 = -2*q + 50. What is the greatest common factor of 744 and q?
31
Let k(n) be the third derivative of -n**4/12 + 5*n**3 + 23*n**2. Let i be k(-20). Calculate the highest common divisor of 14 and i.
14
Suppose 2*a + 4*y - 2 = -20, a = -4*y - 13. Suppose 298 = 5*j + 3*t, 0*j + 2*j = 2*t + 116. Let g = j + a. What is the greatest common factor of g and 6?
6
Let d be (-50)/(-4)*528/55. Calculate the highest common divisor of 80 and d.
40
Suppose -5*a + 4*h = -153, 3*a = 2*h - 3*h + 102. Let v be (4/1)/((-1)/(-6)). Let p be ((-11)/4)/((-3)/v). Calculate the highest common divisor of a and p.
11
Suppose 0*k = -2*k. Suppose 0 = -s + 5*f + 117, 2*s - f + 0*f - 261 = k. Calculate the highest common divisor of s and 12.
12
Let z = 802 - 526. Calculate the greatest common divisor of 24 and z.
12
Let r = 14 - -11. What is the greatest common factor of r and 125?
25
Let y be 680/28 + (-4)/14. Let x be 4/(-3)*18/(-4). Calculate the highest common divisor of x and y.
6
Suppose -n - 2*n + 84 = 0. Let v(a) = 3*a + 40. Let o be v(-12). Calculate the greatest common divisor of o and n.
4
Let f(v) = 4*v**2 - 3*v - 8. Let b be f(4). Calculate the greatest common divisor of 1012 and b.
44
Let i(p) = -2*p**2 - 49*p + 108. Let a be i(-11). What is the highest common divisor of a and 324?
81
Let n(d) = -d**3 - 16*d**2 + 55*d - 13. Let o be (-2)/13 + 6/((-390)/1225). Let c be n(o). What is the greatest common divisor of c and 200?
25
Let z(v) be the third derivative of -v**6/120 + 11*v**5/60 - 7*v**4/24 - 2*v**3/3 - 9*v**2. Let i be z(10). Calculate the greatest common factor of i and 39.
13
Suppose -3*d = -2*b + 39, -3*b - 4*d = -4*b + 27. Let y be -1 - 1 - (-12)/2. Suppose 20 = -2*a + y*a. Calculate the greatest common divisor of b and a.
5
Let s(k) be the first derivative of -k**4/4 + 16*k**3/3 - 11*k**2/2 + 2*k - 6. Let a be s(14). Calculate the highest common divisor of 30 and a.
30
Let t(d) = -5*d**3 - 149*d**2 + 15*d - 45. Let f be t(-30). Let v = 4 - -41. What is the greatest common divisor of v and f?
45
Let r = 34 + -21. Suppose -2*a + 6*a = -84. Let m be 6/(-21) + (-3009)/a. Calculate the greatest common factor of m and r.
13
Suppose -3*d + a = -164, -d + 84 - 16 = 3*a. What is the greatest common divisor of d and 152?
8
Suppose 5*a + 4 = -3*c, 0 = -4*a + c + 5 + 2. Let v be 14*(a/2)/((-1)/(-3)). Calculate the greatest common factor of v and 21.
21
Let w be -233*4/8*(1 + -3). Suppose -12 = 3*q, -2*q = -5*p - 0*q + w. Calculate the greatest common divisor of 9 and p.
9
Let k be ((-154)/35)/(2 + 156/(-75)). Let o be (5/(-2) - -1)*2. Let w be 1/(o/(3*-5)). Calculate the greatest common factor of k and w.
5
Let m(n) = 15*n - 13. Let g be m(1). Suppose -g*x + 82 = 4*w, -w + 3*w = -3*x + 51. Let o = -5 - -14. Calculate the highest common divisor of w and o.
9
Suppose 16*o = 20*o - 4*b - 812, 3*o + 3*b - 621 = 0. Calculate the highest common divisor of 25 and o.
5
Let i be (-52)/(-4 + (-2)/(-1)). Let x = -8 + i. What is the highest common factor of x and 126?
18
Let q(l) = 41*l**2 + l. Let z be q(-1). Let i = -428 + 458. Calculate the highest common factor of z and i.
10
Let j = 15 + -13. Suppose 10 = -j*a + 7*a. Suppose -285 = -3*u + a*z - 35, 0 = -5*z + 5. Calculate the highest common divisor of 12 and u.
12
Let n(h) = -h**2 + 11*h + 32. Let o be n(11). Calculate the highest common factor of 20 and o.
4
Let a be (-412)/(-309)*((-162)/(-4))/1. Calculate the greatest common divisor of a and 486.
54
Let j(n) = n + 11*n - 3 - 9*n - 2*n. Let t be j(6). Let g be 8 + (0 - t)/3. Calculate the highest common factor of 56 and g.
7
